 the highest common factor of 130311350 and 1040.
130
What is the greatest common divisor of 45 and 2153838285?
45
What is the highest common factor of 24715637 and 323?
323
Calculate the highest common factor of 17006419 and 346.
173
Calculate the highest common factor of 987238695 and 2315.
2315
What is the greatest common divisor of 406852804 and 93?
31
Calculate the greatest common factor of 322689637 and 214.
107
What is the highest common factor of 24744289 and 76?
19
What is the greatest common divisor of 95 and 718265?
5
Calculate the greatest common factor of 1078 and 24989052.
22
Calculate the greatest common divisor of 19722 and 28567836.
1038
What is the highest common factor of 329158 and 4898?
62
What is the highest common factor of 526460 and 660?
220
What is the highest common divisor of 11029120 and 247?
19
What is the greatest common divisor of 1410 and 51988110?
1410
Calculate the greatest common factor of 1030 and 756820.
10
What is the greatest common factor of 2039793 and 175497?
2877
Calculate the greatest common divisor of 899040368 and 464.
464
Calculate the highest common divisor of 331839323 and 9753.
3251
What is the greatest common divisor of 104501074 and 724?
362
Calculate the highest common divisor of 176 and 31967408.
176
Calculate the greatest common factor of 2721500 and 250.
250
Calculate the greatest common divisor of 1270550 and 950.
50
What is the highest common divisor of 1434 and 108057158?
478
What is the highest common divisor of 3302519 and 22?
11
What is the greatest common factor of 1030212 and 11772?
108
What is the greatest common factor of 18727 and 61767479?
307
Calculate the highest common factor of 3894 and 138015042.
3894
Calculate the greatest common divisor of 27739699 and 59551.
527
Calculate the highest common factor of 24718080 and 54120.
4920
Calculate the greatest common divisor of 9652 and 15156053.
2413
What is the greatest common factor of 660 and 7028940?
60
Calculate the highest common divisor of 8352 and 290754.
522
What is the highest common divisor of 1824 and 2092641?
57
What is the greatest common divisor of 9114 and 1460172168?
9114
Calculate the greatest common divisor of 2209710 and 3.
3
Calculate the greatest common factor of 57084 and 544308.
804
What is the highest common factor of 15988 and 231644?
28
What is the greatest common factor of 135124 and 481?
37
Calculate the greatest common divisor of 5126037 and 147.
147
Calculate the highest common factor of 252640 and 40668724.
6316
What is the highest common divisor of 40739130 and 144?
18
What is the highest common divisor of 8491149 and 27?
27
Calculate the highest common factor of 7452 and 1917027.
1863
What is the greatest common divisor of 430492 and 2117224?
1532
Calculate the greatest common factor of 32717865 and 3905.
355
Calculate the greatest common divisor of 1447299 and 7875.
63
Calculate the highest common divisor of 182259720 and 4320.
1080
What is the greatest common divisor of 108 and 2625860124?
36
What is the greatest common divisor of 981 and 615753?
9
Calculate the greatest common divisor of 1200 and 14938800.
1200
What is the highest common factor of 458800 and 119880?
1480
What is the greatest common factor of 1618 and 10172366?
1618
Calculate the highest common divisor of 1789708 and 28.
4
Calculate the highest common divisor of 2813950 and 18925.
25
Calculate the greatest common factor of 137508 and 107592.
12
What is the greatest common factor of 8112 and 7292928?
48
What is the greatest common factor of 3279496 and 200?
8
What is the greatest common divisor of 595142 and 1205786?
674
What is the highest common factor of 8425 and 15170055?
1685
Calculate the highest common divisor of 1619361641 and 5062.
2531
What is the greatest common factor of 74141 and 146923?
151
Calculate the greatest common factor of 15649977 and 122.
61
Calculate the highest common factor of 2734337 and 14339.
1103
Calculate the greatest common divisor of 102 and 486138.
6
Calculate the highest common factor of 1535 and 254105.
5
What is the highest common factor of 1697105 and 16375?
655
Calculate the greatest common factor of 766689 and 1163085.
231
Calculate the greatest common factor of 9 and 86147817.
3
Calculate the highest common factor of 3700 and 4245380.
740
What is the highest common divisor of 10511 and 24403?
23
Calculate the highest common divisor of 5376 and 1197693.
21
Calculate the highest common divisor of 12843 and 25335.
9
What is the greatest common divisor of 82 and 71686778?
82
Calculate the greatest common divisor of 86 and 41856888.
86
What is the highest common divisor of 303269526 and 14?
14
Calculate the greatest common divisor of 272 and 2177456.
16
Calculate the highest common factor of 44900876 and 4199.
323
What is the highest common divisor of 4797 and 12051?
117
Calculate the highest common divisor of 5683800 and 175.
25
Calculate the greatest common factor of 40162 and 774.
86
Calculate the highest common divisor of 380890756 and 348.
116
Calculate the greatest common divisor of 124978500 and 8100.
900
What is the highest common divisor of 36 and 10414692?
36
Calculate the greatest common divisor of 30075969 and 693.
231
Calculate the highest common factor of 140495400 and 4005.
4005
What is the greatest common divisor of 20 and 3577772800?
20
What is the greatest common factor of 27977440 and 4640?
160
What is the highest common factor of 5243766 and 288?
6
Calculate the greatest common factor of 155 and 3492535.
5
What is the highest common divisor of 4020032 and 704?
64
Calculate the highest common factor of 417700440 and 2880.
360
Calculate the highest common divisor of 141 and 431928966.
141
Calculate the highest common factor of 180 and 2103510.
30
What is the highest common divisor of 762210 and 14744529?
8469
What is the greatest common divisor of 194141480 and 65?
65
Calculate the highest common factor of 170852 and 208604.
484
Calculate the highest common divisor of 6702015 and 38712.
4839
Calculate the greatest common divisor of 111449 and 2803371.
8573
Calculate the greatest common divisor of 1798100 and 3900.
100
Calculate the greatest common divisor of 36 and 37910292.
12
Calculate the highest common divisor of 1170839 and 1899.
211
What is the greatest common divisor of 832313648 and 16?
16
What is the highest common divisor of 74025 and 9225?
225
What is the greatest common divisor of 1048091 and 374631?
151
What is the highest common factor of 11820 and 21420204?
2364
What is the greatest common divisor of 3481 and 10438516?
59
Calculate the greatest common factor of 40262 and 9414434.
982
Calculate the highest common factor of 102361086 and 483.
69
Calculate the highest common divisor of 999 and 1320123.
111
What is the highest common divisor of 7084 and 19133378?
506
Calculate the greatest common factor of 228389 and 52451.
413
Calculate the highest common factor of 4902134 and 822.
274
Calculate the greatest common divisor of 2029155 and 75.
15
What is the greatest common divisor of 12730429 and 31?
31
What is the highest common factor of 19308781 and 521?
521
Calculate the greatest common factor of 14852625 and 1000.
125
Calculate the highest common divisor of 13158 and 10033706.
1462
What is the greatest common divisor of 195776364 and 2940?
588
Calculate the greatest common divisor of 3201104830 and 10.
10
What is the highest common divisor of 39 and 519996?
3
Calculate the greatest common divisor of 1 and 294419170.
1
What is the greatest common factor of 8648 and 15510188?
4324
What is the highest common factor of 30169075 and 12775?
1825
What is the highest common factor of 1881 and 1319607?
171
Calculate the greatest common factor of 8829 and 15660.
27
What is the highest common divisor of 633422061 and 6582?
3291
Calculate the highest common divisor of 7360 and 66199520.
3680
What is the greatest common divisor of 42816 and 35744?
32
What is the greatest common divisor of 210822 and 1081534?
1714
What is the greatest common factor of 791 and 9466801?
113
What is the greatest common divisor of 812 and 4037663?
7
Calculate the highest common divisor of 31 and 54111926.
31
Calculate the greatest common divisor of 550 and 19486.
2
Calculate the highest co